1?
False
Is 196897 a multiple of 43?
True
Is 42 a factor of 2801862?
True
Is 40560 a multiple of 24?
True
Is 2586310 a multiple of 5?
True
Does 477 divide 2050623?
True
Is 870 a factor of 2277990?
False
Is 1716837 a multiple of 23?
False
Does 67 divide 734918?
False
Does 85 divide 2366462?
False
Is 75 a factor of 255825?
True
Is 161 a factor of 3177288?
False
Is 511348 a multiple of 30?
False
Does 486 divide 186354?
False
Is 20 a factor of 997220?
True
Is 373 a factor of 836858?
False
Is 32 a factor of 142792?
False
Is 91 a factor of 419447?
False
Is 57 a factor of 3223521?
True
Is 27 a factor of 1172835?
False
Is 49 a factor of 286454?
True
Is 903258 a multiple of 18?
True
Is 12 a factor of 210890?
False
Is 14280 a multiple of 10?
True
Does 114 divide 779076?
True
Is 223954 a multiple of 16?
False
Is 299904 a multiple of 352?
True
Is 366 a factor of 1903566?
True
Is 624948 even?
True
Is 105 a factor of 1119825?
True
Is 12 a factor of 180732?
True
Is 229 a factor of 1911234?
True
Is 1519392 a multiple of 6?
True
Does 380 divide 1005572?
False
Does 23 divide 1717432?
False
Does 23 divide 5512157?
True
Is 181520 a multiple of 21?
False
Is 1205878 a multiple of 34?
True
Is 433925 a multiple of 425?
True
Does 350 divide 12300825?
False
Is 115020 a multiple of 10?
True
Is 11920 a multiple of 149?
True
Is 43 a factor of 1393243?
True
Is 2029 a factor of 2546415?
False
Does 147 divide 395879?
False
Is 792741 a multiple of 5?
False
Does 113 divide 168596?
True
Does 5 divide 84400?
True
Does 49 divide 1122149?
True
Does 10 divide 3422510?
True
Is 21301 a multiple of 84?
False
Does 584 divide 2684788?
False
Does 43 divide 9998?
False
Is 80189 a multiple of 217?
False
Is 67864 a multiple of 97?
False
Does 5 divide 138265?
True
Does 145 divide 35873?
False
Is 240000 a multiple of 20?
True
Is 89 a factor of 9878733?
True
Is 14 a factor of 4620462?
True
Does 20 divide 18624?
False
Does 20 divide 401737?
False
Is 22784 a multiple of 4?
True
Does 16 divide 17480330?
False
Is 10 a factor of 3307190?
True
Is 3 a factor of 335123?
False
Is 701 a factor of 264560?
False
Does 6 divide 1237513?
False
Is 157990 a multiple of 70?
True
Is 29 a factor of 1146886?
False
Does 43 divide 2065204?
True
Does 5 divide 24270?
True
Is 496080 a multiple of 13?
True
Is 30 a factor of 494700?
True
Is 10331628 a multiple of 12?
True
Does 195 divide 2411175?
True
Is 666 a factor of 11162160?
True
Does 86 divide 7957674?
False
Is 127 a factor of 125385?
False
Is 2360528 a multiple of 94?
True
Does 20 divide 254660?
True
Is 47 a factor of 10154293?
False
Is 58 a factor of 88218?
True
Does 428 divide 5157704?
False
Does 55 divide 1400990?
False
Does 15 divide 272490?
True
Is 15528348 a multiple of 198?
True
Is 469200 a multiple of 300?
True
Does 117 divide 172421?
False
Is 1414847 a multiple of 31?
False
Is 1252 a factor of 100160?
True
Is 1191465 a multiple of 913?
True
Does 6 divide 9801004?
False
Does 63 divide 393198?
False
Does 290 divide 188790?
True
Does 218 divide 893562?
False
Does 28 divide 680260?
True
Is 85 a factor of 627064?
False
Is 156 a factor of 223860?
True
Is 55 a factor of 139071?
False
Is 37420 a multiple of 10?
True
Is 391167 a multiple of 2?
False
Is 238 a factor of 8701636?
False
Is 7799092 a multiple of 59?
True
Does 994 divide 1832936?
True
Does 86 divide 77931?
False
Does 40 divide 29384?
False
Is 27477 a multiple of 3?
True
Is 151800 a multiple of 120?
True
Is 13573920 a multiple of 96?
True
Does 1071 divide 5104020?
False
Does 12 divide 1648083?
False
Does 4 divide 9144?
True
Is 41 a factor of 1187729?
True
Is 371810 a multiple of 138?
False
Is 2656878 a multiple of 147?
True
Does 15 divide 7446645?
True
Is 7 a factor of 793?
False
Is 287 a factor of 188942?
False
Does 70 divide 2029549?
False
Is 1747 a multiple of 5?
False
Does 94 divide 519162?
True
Is 7151700 a multiple of 5?
True
Is 19296407 a multiple of 14?
False
Is 172 a factor of 185588?
True
Is 26 a factor of 332730?
False
Does 5 divide 131080?
True
Does 2 divide 168156?
True
Is 35 a factor of 140757?
False
Does 203 divide 203460?
False
Is 15 a factor of 3357585?
True
Is 7 a factor of 4179938?
True
Is 796 a factor of 9444312?
False
Is 1157970 a multiple of 137?
False
Is 10 a factor of 32310?
True
Does 17 divide 1402823?
True
Is 341110 a multiple of 14?
True
Is 183522 a multiple of 217?
False
Is 64 a factor of 3233233?
False
Is 34 a factor of 576764?
False
Is 1139845 a multiple of 1015?
True
Is 1463904 a multiple of 12?
True
Is 180649 a multiple of 7?
True
Is 128947 a multiple of 147?
False
Is 35046 a multiple of 27?
True
Is 20 a factor of 1825415?
False
Is 54 a factor of 47628?
True
Is 43632 a multiple of 16?
True
Is 3682856 a multiple of 8?
True
Is 40 a factor of 384136?
False
Is 537088 a multiple of 7?
False
Is 233 a factor of 181041?
True
Is 204 a factor of 1099566?
False
Is 187850 a multiple of 85?
True
Is 300947 a multiple of 10?
False
Is 43 a factor of 133570?
False
Does 119 divide 2793525?
True
Is 93388 a multiple of 37?
True
Is 14 a factor of 741272?
True
Does 9 divide 473933?
False
Is 504526 a multiple of 17?
True
Is 656 a factor of 18368000?
True
Is 11252802 a multiple of 33?
True
Is 537059 a multiple of 17?
False
Is 307655 a multiple of 209?
False
Is 86 a factor of 2155934?
True
Is 654181 a multiple of 53?
False
Is 17 a factor of 191249?
False
Is 33 a factor of 41235?
False
Is 312 a factor of 251472?
True
Is 70261 a multiple of 25?
False
Is 13 a factor of 514786?
False
Is 1996148 a multiple of 22?
True
Does 60 divide 545700?
True
Does 11 divide 651017?
False
Is 244688 a multiple of 16?
True
Is 105 a factor of 1371516?
False
Is 53 a factor of 252221?
False
Is 152262 a multiple of 198?
True
Is 43622 a multiple of 216?
False
Is 235 a factor of 6062376?
False
Is 1481 a factor of 4391165?
True
Is 736 a factor of 2298882?
False
Is 68 a factor of 271174?
False
Is 156657 a multiple of 15?
False
Is 161 a factor of 259593?
False
Does 79 divide 257540?
True
Is 815 a factor of 1830379?
False
Does 96 divide 320535?
False
Does 171 divide 2204255?
False
Is 11152234 a multiple of 156?
False
Is 196 a factor of 6608?
False
Is 188 a factor of 556325?
False
Is 4 a factor of 45153?
False
Is 971268 a multiple of 12?
True
Is 9305667 a multiple of 63?
True
Is 4613827 a multiple of 121?
False
Is 24 a factor of 875720?
False
Is 20 a factor of 13660?
True
Is 61 a factor of 399367?
True
Is 26944 a multiple of 32?
True
Is 2 a factor of 44246?
True
Does 22 divide 493438?
True
Does 6 divide 121155?
False
Does 3 divide 617901?
True
Is 9885755 a multiple of 1649?
True
Is 2172850 a multiple of 50?
True
Is 16580 a multiple of 101?
False
Is 80 a factor of 133200?
True
Is 90 a factor of 129010?
False
Is 6 a factor of 64380?
True
Is 11 a factor of 56350?
False
Is 13 a factor of 304017?
False
Does 58 divide 1040694?
True
Is 3 a factor of 4055178?
True
Is 46 a factor of 95183?
False
Is 61 a factor of 44489?
False
Is 54 a factor of 2068126?
False
Is 212 a factor of 2458166?
False
Does 6 divide 323520?
True
Is 1347315 a multiple of 38?
False
Is 21768821 a multiple of 29?
True
Is 222566 a multiple of 2?
True
Is 578 a factor of 5944152?
True
Is 39 a factor of 553488?
True
Does 292 divide 4745358?
False
Is 21 a factor of 304458?
True
Does 12 divide 1363232?
False
Is 18 a factor of 46872?
True
Is 45675 a multiple of 105?
True
Does 52 divide 249236?
True
Is 166222 a multiple of 31?
True
Is 116635 a multiple of 76?
False
Is 9763884 a multiple of 718?
False
Does 56 divide 167272?
True
Is 11 a factor of 79084?
False
Is 82 a factor of 983173?
False
Is 25 a factor of 5222554?
False
Is 276 a factor of 1605216?
True
Does 92 divide 14476384?
True
Is 652805 a multiple of 137?
True
Is 57 a factor of 3094758?
True
Is 192 a factor of 739584?
True
Does 3 divide 4777456?
False
Is 3861380 a multiple of 1385?
True
Is 3790 a multiple of 227?
False
Is 688 a factor of 10340160?
False
Does 26 divide 346143?
False
Does 115 divide 107193?
False
Is 17 a factor of 9832494?
True
Does 120 divide 553920?
True
Is 128358 a multiple of 17?
False
Is 44 a factor of 10519124?
True
Does 31 divide 224140?
False
Does 93 divide 685248?
False
Is 90 a factor of 317769?
False
Is 55 a factor of 16862945?
True
Is 1481550 a multiple of 35?
True
Is 391794 a multiple of 3